{"id":211,"date":"2021-04-07T15:45:11","date_gmt":"2021-04-07T18:45:11","guid":{"rendered":"https:\/\/felipemorenot.com.br\/?page_id=211"},"modified":"2021-04-09T13:20:37","modified_gmt":"2021-04-09T16:20:37","slug":"curriculo","status":"publish","type":"page","link":"https:\/\/felipemorenot.com.br\/index.php\/curriculo\/","title":{"rendered":"CURR\u00cdCULO"},"content":{"rendered":"\n<figure class=\"wp-block-image size-large\"><img loading=\"lazy\" width=\"172\" height=\"169\" src=\"http:\/\/felipemorenot.com.br\/wp-content\/uploads\/2021\/04\/felipemorenot-curriculo-foto.png\" alt=\"\" class=\"wp-image-252\" srcset=\"https:\/\/felipemorenot.com.br\/wp-content\/uploads\/2021\/04\/felipemorenot-curriculo-foto.png 172w, https:\/\/felipemorenot.com.br\/wp-content\/uploads\/2021\/04\/felipemorenot-curriculo-foto-61x60.png 61w\" sizes=\"(max-width: 172px) 100vw, 172px\" \/><\/figure>\n\n\n\n<p><strong>FELIPE MORENO T. DE ASSIS<\/strong><br>37 98835-1212<br>felipe@mushi.com.br<\/p>\n\n\n\n<p><strong>Founder<br>Mushi Comunica\u00e7\u00e3o Tempo integral<br>jul. de 2010 \u2013 o momento<\/strong><\/p>\n\n\n\n<p><strong>Tarefas:<\/strong><br>Planejamento Estrat\u00e9gico<br>Gest\u00e3o de Marca<br>Desenvolvimento Web<br>Gest\u00e3o de M\u00eddias Sociais<br>Cria\u00e7\u00e3o de pe\u00e7as gr\u00e1ficas on-line<br>Cria\u00e7\u00e3o de pe\u00e7as gr\u00e1ficas off-line<br>Planejamento de Marketing<\/p>\n\n\n\n<p><strong>Gerente de Marketing Digital<\/strong><br><strong>Virtual Joias<\/strong><br>jan. de 2017 \u2013 dez. de 2019<\/p>\n\n\n\n<p>Gest\u00e3o de clientes<br>Planejamento Estrat\u00e9gico para Redes Sociais<br>Cria\u00e7\u00e3o de pe\u00e7as gr\u00e1ficas para Redes Sociais<br>Cria\u00e7\u00e3o de Conceitos e Campanhas<br>Desenvolvimento de layouts para site baseado nas campanhas<br>Desenvolvimento de layouts para redes sociais baseado nas campanhas<br>Busca de novas tecnologias e servi\u00e7os<br>Gest\u00e3o de fornecedores de servi\u00e7os web<br>Gest\u00e3o de Redes Sociais<br>Desenvolvimento de estrat\u00e9gias e funis de vendas<br>Cria\u00e7\u00e3o de layout para Newsletters <br>An\u00e1lise de dados e m\u00e9tricas<br><br><strong>Assistente de Comunica\u00e7\u00e3o e Marketing<br>C\u00e9lula Web<\/strong><br>out. de 2014 \u2013 dez. de 2016<br><br>Gest\u00e3o de clientes<br>Planejamento Estrat\u00e9gico para Redes Sociais<br>Cria\u00e7\u00e3o de pe\u00e7as gr\u00e1ficas impressas<br>Fechamento de arquivo para impress\u00e3o<br>Acompanhamento de processos de impress\u00e3o<br>Cria\u00e7\u00e3o de pe\u00e7as Gr\u00e1ficas on line<br>Gest\u00e3o de Redes Sociais<br>Capta\u00e7\u00e3o de Leads<br>An\u00e1lise de dados e m\u00e9tricas<br>Desenvolvimento de Layouts para sites<br>Cria\u00e7\u00e3o e disparo de newsletters<br><\/p>\n\n\n\n<p><strong>Assistente de Comunica\u00e7\u00e3o e Marketing<br>Biominas Brasil <\/strong><br>jan. de 2010 \u2013 out. de 2012<\/p>\n\n\n\n<p><strong>Tarefas:<\/strong><br>Busca\/Contato com Fornecedores<br>Comunica\u00e7\u00e3o Interna Biominas<br>Comunica\u00e7\u00e3o Interna Habitat (Incubadora Biominas)<br>Cria\u00e7\u00e3o de pe\u00e7as gr\u00e1ficas para eventos nacionais e internacionais<br>Desenvolvimento do Blog Biominas<br>Gest\u00e3o de marca e eventos<\/p>\n\n\n\n<p><strong>Gerente de Marketing<br>Superhar Recursos Humanos Aut\u00f4nomo<\/strong><br>jan. de 2010 \u2013 fev. de 2011<\/p>\n\n\n\n<p><strong>Tarefas:<\/strong><br>Rebranding<br>Gest\u00e3o estrat\u00e9gica de Marca<br>Desenvolvimento da nova papelaria<br>Desenvolvimento e curadoria do Projeto Ideias Brilhantes<br>Gest\u00e3o de Redes Sociais<br>Comunica\u00e7\u00e3o Interna<\/p>\n\n\n\n<p><strong>Designer Gr\u00e1fico<br>Governo do Estado de Minas Gerais &#8211; Secretaria de Estado de C&amp;T e Ensino Superior<\/strong><br>set. de 2009 \u2013 dez. de 2010<br>Dura\u00e7\u00e3o1 ano 4 meses<\/p>\n\n\n\n<p><strong>Tarefas:<\/strong><br>Busca\/Contato com fornecedores<br>Diagrama\u00e7\u00e3o do Jornal da Sectes<br>Desenvolvimento de pe\u00e7as gr\u00e1ficas para eventos nacionais e internacionais<br>Comunica\u00e7\u00e3o Interna<br>Edi\u00e7\u00e3o de Imagens<br>Fotografia<\/p>\n\n\n\n<p><\/p>\n","protected":false},"excerpt":{"rendered":"<p>FELIPE MORENO T. DE ASSIS37 98835-1212felipe@mushi.com.br FounderMushi Comunica\u00e7\u00e3o Tempo integraljul. de 2010 \u2013 o momento Tarefas:Planejamento Estrat\u00e9gicoGest\u00e3o de MarcaDesenvolvimento WebGest\u00e3o de M\u00eddias SociaisCria\u00e7\u00e3o de pe\u00e7as gr\u00e1ficas on-lineCria\u00e7\u00e3o de pe\u00e7as gr\u00e1ficas off-linePlanejamento de Marketing Gerente de Marketing DigitalVirtual Joiasjan. de 2017 \u2013 dez. de 2019 Gest\u00e3o de clientesPlanejamento Estrat\u00e9gico para Redes SociaisCria\u00e7\u00e3o de pe\u00e7as gr\u00e1ficas para &hellip; <\/p>\n","protected":false},"author":1,"featured_media":0,"parent":0,"menu_order":0,"comment_status":"closed","ping_status":"closed","template":"","meta":{"om_disable_all_campaigns":false,"_monsterinsights_skip_tracking":false,"_monsterinsights_sitenote_active":false,"_monsterinsights_sitenote_note":"","_monsterinsights_sitenote_category":0},"_links":{"self":[{"href":"https:\/\/felipemorenot.com.br\/index.php\/wp-json\/wp\/v2\/pages\/211"}],"collection":[{"href":"https:\/\/felipemorenot.com.br\/index.php\/wp-json\/wp\/v2\/pages"}],"about":[{"href":"https:\/\/felipemorenot.com.br\/index.php\/wp-json\/wp\/v2\/types\/page"}],"author":[{"embeddable":true,"href":"https:\/\/felipemorenot.com.br\/index.php\/wp-json\/wp\/v2\/users\/1"}],"replies":[{"embeddable":true,"href":"https:\/\/felipemorenot.com.br\/index.php\/wp-json\/wp\/v2\/comments?post=211"}],"version-history":[{"count":5,"href":"https:\/\/felipemorenot.com.br\/index.php\/wp-json\/wp\/v2\/pages\/211\/revisions"}],"predecessor-version":[{"id":253,"href":"https:\/\/felipemorenot.com.br\/index.php\/wp-json\/wp\/v2\/pages\/211\/revisions\/253"}],"wp:attachment":[{"href":"https:\/\/felipemorenot.com.br\/index.php\/wp-json\/wp\/v2\/media?parent=211"}],"curies":[{"name":"wp","href":"https:\/\/api.w.org\/{rel}","templated":true}]}}

CURRÍCULO

<figure class="wp-block-image size-large"><img loading="lazy" width="172" height="169" src="http://felipemorenot.com.br/wp-content/uploads/2021/04/felipemorenot-curriculo-foto.png" alt="" class="wp-image-252" srcset="https://felipemorenot.com.br/wp-content/uploads/2021/04/felipemorenot-curriculo-foto.png 172w, https://felipemorenot.com.br/wp-content/uploads/2021/04/felipemorenot-curriculo-foto-61x60.png 61w" sizes="(max-width: 172px) 100vw, 172px" /></figure>



<p><strong>FELIPE MORENO T. DE ASSIS</strong><br>37 98835-1212<br>felipe@mushi.com.br</p>



<p><strong>Founder<br>Mushi Comunicação Tempo integral<br>jul. de 2010 – o momento</strong></p>



<p><strong>Tarefas:</strong><br>Planejamento Estratégico<br>Gestão de Marca<br>Desenvolvimento Web<br>Gestão de Mídias Sociais<br>Criação de peças gráficas on-line<br>Criação de peças gráficas off-line<br>Planejamento de Marketing</p>



<p><strong>Gerente de Marketing Digital</strong><br><strong>Virtual Joias</strong><br>jan. de 2017 – dez. de 2019</p>



<p>Gestão de clientes<br>Planejamento Estratégico para Redes Sociais<br>Criação de peças gráficas para Redes Sociais<br>Criação de Conceitos e Campanhas<br>Desenvolvimento de layouts para site baseado nas campanhas<br>Desenvolvimento de layouts para redes sociais baseado nas campanhas<br>Busca de novas tecnologias e serviços<br>Gestão de fornecedores de serviços web<br>Gestão de Redes Sociais<br>Desenvolvimento de estratégias e funis de vendas<br>Criação de layout para Newsletters <br>Análise de dados e métricas<br><br><strong>Assistente de Comunicação e Marketing<br>Célula Web</strong><br>out. de 2014 – dez. de 2016<br><br>Gestão de clientes<br>Planejamento Estratégico para Redes Sociais<br>Criação de peças gráficas impressas<br>Fechamento de arquivo para impressão<br>Acompanhamento de processos de impressão<br>Criação de peças Gráficas on line<br>Gestão de Redes Sociais<br>Captação de Leads<br>Análise de dados e métricas<br>Desenvolvimento de Layouts para sites<br>Criação e disparo de newsletters<br></p>



<p><strong>Assistente de Comunicação e Marketing<br>Biominas Brasil </strong><br>jan. de 2010 – out. de 2012</p>



<p><strong>Tarefas:</strong><br>Busca/Contato com Fornecedores<br>Comunicação Interna Biominas<br>Comunicação Interna Habitat (Incubadora Biominas)<br>Criação de peças gráficas para eventos nacionais e internacionais<br>Desenvolvimento do Blog Biominas<br>Gestão de marca e eventos</p>



<p><strong>Gerente de Marketing<br>Superhar Recursos Humanos Autônomo</strong><br>jan. de 2010 – fev. de 2011</p>



<p><strong>Tarefas:</strong><br>Rebranding<br>Gestão estratégica de Marca<br>Desenvolvimento da nova papelaria<br>Desenvolvimento e curadoria do Projeto Ideias Brilhantes<br>Gestão de Redes Sociais<br>Comunicação Interna</p>



<p><strong>Designer Gráfico<br>Governo do Estado de Minas Gerais &#8211; Secretaria de Estado de C&amp;T e Ensino Superior</strong><br>set. de 2009 – dez. de 2010<br>Duração1 ano 4 meses</p>



<p><strong>Tarefas:</strong><br>Busca/Contato com fornecedores<br>Diagramação do Jornal da Sectes<br>Desenvolvimento de peças gráficas para eventos nacionais e internacionais<br>Comunicação Interna<br>Edição de Imagens<br>Fotografia</p>



<p></p>

<p>FELIPE MORENO T. DE ASSIS37 98835-1212felipe@mushi.com.br FounderMushi Comunicação Tempo integraljul. de 2010 – o momento Tarefas:Planejamento EstratégicoGestão de MarcaDesenvolvimento WebGestão de Mídias SociaisCriação de peças gráficas on-lineCriação de peças gráficas off-linePlanejamento de Marketing Gerente de Marketing DigitalVirtual Joiasjan. de 2017 – dez. de 2019 Gestão de clientesPlanejamento Estratégico para Redes SociaisCriação de peças gráficas para &hellip; </p>
